{"id":159,"date":"2015-11-22T17:59:24","date_gmt":"2015-11-22T16:59:24","guid":{"rendered":"http:\/\/quellencheck.de\/?page_id=159"},"modified":"2015-11-22T18:36:45","modified_gmt":"2015-11-22T17:36:45","slug":"pruefpfad-domainendung-eu","status":"publish","type":"page","link":"https:\/\/quellencheck.de\/?page_id=159","title":{"rendered":"Pr\u00fcfpfad | Domainendung &#8222;.eu&#8220;"},"content":{"rendered":"<p>Den Inhaber einer Seite mit der Endung &#8222;.eu&#8220; kann man bei Eurid finden. Eurid verwaltet f\u00fcr Europa die Domains, also die Namen der Internetseiten. Die entsprechende Seite ist weiter unten verlinkt. Lesen Sie sich aber zuerst einmal die Anleitung durch.<\/p>\n<p>Auf dem Formular werden sie zun\u00e4chst nach dem Namen der Seite gefragt. Geben Sie diesen ohne Zus\u00e4tze wie &#8222;www&#8220; oder &#8222;eu&#8220; an, also beispielsweises &#8222;michael-voss&#8220;. Die Gro\u00df- und Kleinschreibung ist dabei egal.<br \/>\n<figure id=\"attachment_164\" aria-describedby=\"caption-attachment-164\" style=\"width: 703px\" class=\"wp-caption alignnone\"><a href=\"http:\/\/quellencheck.de\/wp-content\/uploads\/2015\/11\/eurid1.jpg\"><img decoding=\"async\" loading=\"lazy\" src=\"http:\/\/quellencheck.de\/wp-content\/uploads\/2015\/11\/eurid1.jpg\" alt=\"Inhaber-Suche bei Eurid\" width=\"703\" height=\"201\" class=\"size-full wp-image-164\" srcset=\"https:\/\/quellencheck.de\/wp-content\/uploads\/2015\/11\/eurid1.jpg 703w, https:\/\/quellencheck.de\/wp-content\/uploads\/2015\/11\/eurid1-300x86.jpg 300w\" sizes=\"(max-width: 703px) 100vw, 703px\" \/><\/a><figcaption id=\"caption-attachment-164\" class=\"wp-caption-text\">Inhaber-Suche bei Eurid<\/figcaption><\/figure>\nWenn Sie nun auf Abfrage starten, werden Sie nach der Zahlen- und Buchstabenkombination gefragt, die auf einem Foto zu sehen ist. Die Abfrage findet statt, damit nicht Computerprogramme diese Angaben automatisch auslesen k\u00f6nnen. KLicken Sie dann den Button &#8222;Weitere Informationen&#8220; und Sie lesen mehr \u00fcber den Domaininhaber. In Fall von &#8222;michael-voss&#8220; sieht das Ergebnis so aus:<\/p>\n<figure id=\"attachment_166\" aria-describedby=\"caption-attachment-166\" style=\"width: 576px\" class=\"wp-caption alignnone\"><a href=\"http:\/\/quellencheck.de\/wp-content\/uploads\/2015\/11\/eurid2.jpg\"><img decoding=\"async\" loading=\"lazy\" src=\"http:\/\/quellencheck.de\/wp-content\/uploads\/2015\/11\/eurid2.jpg\" alt=\"Inhaber-Angaben zu michael-voss.eu bei Eurid\" width=\"576\" height=\"543\" class=\"size-full wp-image-166\" srcset=\"https:\/\/quellencheck.de\/wp-content\/uploads\/2015\/11\/eurid2.jpg 576w, https:\/\/quellencheck.de\/wp-content\/uploads\/2015\/11\/eurid2-300x283.jpg 300w\" sizes=\"(max-width: 576px) 100vw, 576px\" \/><\/a><figcaption id=\"caption-attachment-166\" class=\"wp-caption-text\">Inhaber-Angaben zu michael-voss.eu bei Eurid<\/figcaption><\/figure>\n<p>In diesem Fall wird der Inhaber (&#8222;Registrant&#8220;) der Seite nicht mit seinem Namen genannt, aber anhand der E-Mail bekommen Sie h\u00e4ufig Informationen zu dem Namen. In diesem Fall handelt es sich offenbar um Michael Vo\u00df.<br \/>\nZus\u00e4tzlich werden Sie noch \u00fcber den administrativen und technischen Ansprechpartner informiert. Kopieren Sie die Informationen, die Sie brauchen in ein Textverarbeitungsprogramm, welches Sie sicherlich schon ge\u00f6ffnet haben und in dem Sie alle Informationen sammeln. Anschlie\u00dfend k\u00f6nnen Sie die Eurid-Seite schlie\u00dfen und hier her zur\u00fcckkommen.<\/p>\n<p>Dann k\u00f6nnen Sie jetzt starten: Bitte klicken Sie jetzt <a href=\"http:\/\/www.eurid.eu\/de\/whois-suche\" target=\"_blank\">hier<\/a>, um zur <a href=\"http:\/\/www.eurid.eu\/de\/whois-suche\" target=\"_blank\">WHOIS f\u00fcr .eu-Domains<\/a> zu kommen.<\/p>\n<p>Nachdem Sie jetzt die Informationen in ihr Textverarbeitungsprogramm eingetragen haben, gibt es jetzt keine Alternative. Sie k\u00f6nnen nur noch weiterkommen. Das ist doch ist doch sehr praktisch. Oder?<\/p>\n<a href=\"http:\/\/quellencheck.de\/?page_id=168\" class=\"su-button su-button-style-default\" style=\"color:#FFFFFF;background-color:#3e813e;border-color:#326832;border-radius:5px;-moz-border-radius:5px;-webkit-border-radius:5px\" target=\"_self\"><span style=\"color:#FFFFFF;padding:0px 16px;font-size:13px;line-height:26px;border-color:#78a778;border-radius:5px;-moz-border-radius:5px;-webkit-border-radius:5px;text-shadow:none;-moz-text-shadow:none;-webkit-text-shadow:none\"> Weiter<\/span><\/a>\n","protected":false},"excerpt":{"rendered":"<p>Den Inhaber einer Seite mit der Endung &#8222;.eu&#8220; kann man bei Eurid finden. Eurid verwaltet f\u00fcr Europa die Domains, also die Namen der Internetseiten. Die entsprechende Seite ist weiter unten verlinkt. Lesen Sie sich aber zuerst einmal die Anleitung durch. Auf dem Formular werden sie zun\u00e4chst nach dem Namen der Seite gefragt. Geben Sie diesen [&hellip;]<\/p>\n","protected":false},"author":1,"featured_media":0,"parent":15,"menu_order":5090,"comment_status":"closed","ping_status":"closed","template":"","meta":{"footnotes":""},"_links":{"self":[{"href":"https:\/\/quellencheck.de\/index.php?rest_route=\/wp\/v2\/pages\/159"}],"collection":[{"href":"https:\/\/quellencheck.de\/index.php?rest_route=\/wp\/v2\/pages"}],"about":[{"href":"https:\/\/quellencheck.de\/index.php?rest_route=\/wp\/v2\/types\/page"}],"author":[{"embeddable":true,"href":"https:\/\/quellencheck.de\/index.php?rest_route=\/wp\/v2\/users\/1"}],"replies":[{"embeddable":true,"href":"https:\/\/quellencheck.de\/index.php?rest_route=%2Fwp%2Fv2%2Fcomments&post=159"}],"version-history":[{"count":8,"href":"https:\/\/quellencheck.de\/index.php?rest_route=\/wp\/v2\/pages\/159\/revisions"}],"predecessor-version":[{"id":1013,"href":"https:\/\/quellencheck.de\/index.php?rest_route=\/wp\/v2\/pages\/159\/revisions\/1013"}],"up":[{"embeddable":true,"href":"https:\/\/quellencheck.de\/index.php?rest_route=\/wp\/v2\/pages\/15"}],"wp:attachment":[{"href":"https:\/\/quellencheck.de\/index.php?rest_route=%2Fwp%2Fv2%2Fmedia&parent=159"}],"curies":[{"name":"wp","href":"https:\/\/api.w.org\/{rel}","templated":true}]}}