{"id":442,"date":"2015-12-11T21:50:46","date_gmt":"2015-12-11T20:50:46","guid":{"rendered":"http:\/\/quellencheck.de\/?page_id=442"},"modified":"2022-01-07T07:15:25","modified_gmt":"2022-01-07T06:15:25","slug":"medien-2","status":"publish","type":"page","link":"https:\/\/quellencheck.de\/?page_id=442","title":{"rendered":"&#8222;L\u00fcgenpresse&#8220; &#8211; was ist da dran?"},"content":{"rendered":"\n<p>&#8222;L\u00fcgenpresse&#8220; ist ein Kampfbegriff, der pauschal gegen &#8222;die&#8220; Medien eingesetzt wird. Der Vorwurf: \u00dcber bestimmte Themen wird gar nicht oder falsch berichtet. In dem Zusammenhang wird oft auf Artikel im Internet hingewiesen, die Themen aufgreifen, die in der &#8222;L\u00fcgenpresse&#8220; aber nicht vorkommen. Wie es dazu kommt und was dahinter steckt, soll hier gekl\u00e4rt werden. Dabei ist es ein ganz pers\u00f6nlicher Erkl\u00e4rungsversuch, der auf Erfahrung des <a href=\"http:\/\/quellencheck.de\/?page_id=97\">Autoren<\/a> beruht.<\/p>\n\n\n\n<h3 class=\"wp-block-heading\">Der Unterschied zwischen SocialMedia und herk\u00f6mmlichen Medien<\/h3>\n\n\n\n<figure class=\"wp-block-image\"><a href=\"http:\/\/quellencheck.de\/wp-content\/uploads\/2015\/12\/medien.gif\" rel=\"attachment wp-att-441\"><img decoding=\"async\" loading=\"lazy\" width=\"1391\" height=\"674\" src=\"http:\/\/quellencheck.de\/wp-content\/uploads\/2015\/12\/medien.gif\" alt=\"Medien\" class=\"wp-image-441\"\/><\/a><\/figure>\n\n\n\n<p>Fernsehen, Radio und Zeitungen waren \u00fcber Jahrzehnte die einzigen Medien, die Nachrichten aus aller Welt brachten.<\/p>\n\n\n\n<p>Inzwischen ist das Internet mit seinen &#8222;sozialen Medien&#8220; (SocialMedia, wie Facebook, Twitter oder Messenger wie Whats App) hinzugekommen. W\u00e4hrend in den &#8222;herk\u00f6mmlichen Medien&#8220; ausgebildete Journalisten arbeiten, kann im Internet jeder Meldungen ver\u00f6ffentlichen oder weiterverbreiten (&#8222;teilen&#8220;). Viele Autoren sind meist<\/p>\n\n\n\n<p>Laien, die nicht wissen, nach welchen Methoden Themen oder Meldungen auf Glaubw\u00fcrdigkeit untersucht werden. Nat\u00fcrlich gibt es im Internet auch Profis, die wissen, wie man das macht. Doch sie sind in der Minderheit.<\/p>\n\n\n\n<h3 class=\"wp-block-heading\">Der Verbreitung eines Textes im SocialMedia-Bereich<\/h3>\n\n\n\n<p>SocialMedia funktioniert wie ein Netz. Ich stehe im Mittelpunkt und rundherum gibt es meine Freunde oder Seiten, die ich abonniert habe. Sehr oft sind meine Freunde auch Gleichgesinnte. In diesem Beispiel teilt mein Freund &#8222;A&#8220; einen Text (Es kann sich auch um ein Foto, ein Video oder ein Audio handeln.), der ihm pers\u00f6nlich gef\u00e4llt und der seinen Ideen entspricht.<\/p>\n\n\n\n<p><a href=\"http:\/\/quellencheck.de\/wp-content\/uploads\/2015\/12\/ich1.gif\" rel=\"attachment wp-att-450\"><img decoding=\"async\" loading=\"lazy\" class=\"size-full wp-image-450\" src=\"http:\/\/quellencheck.de\/wp-content\/uploads\/2015\/12\/ich1.gif\" alt=\"Der &quot;Freund A&quot; ver\u00f6ffentlicht ein Thema\" width=\"837\" height=\"687\"><\/a><br><br><br>Da &#8222;A&#8220; diesen Text geteilt hat, lesen ihn auch &#8222;H&#8220;, &#8222;G&#8220;, &#8222;B&#8220; und &#8222;C&#8220;. Sie denken \u00e4hnlich, wie &#8222;A&#8220; und teilen den Text ebenfalls. <a href=\"http:\/\/quellencheck.de\/wp-content\/uploads\/2015\/12\/ich2.gif\" rel=\"attachment wp-att-451\"><img decoding=\"async\" loading=\"lazy\" class=\"size-full wp-image-451\" src=\"http:\/\/quellencheck.de\/wp-content\/uploads\/2015\/12\/ich2.gif\" alt=\"Die von &quot;A&quot; geschriebene Nachricht verbreitet sich in meinem Freundeskreis\" width=\"837\" height=\"687\"><\/a><br><br><br>Auch &#8222;F&#8220;, &#8222;E&#8220; und &#8222;D&#8220; denken \u00e4hnlich und teilen den Text. <a href=\"http:\/\/quellencheck.de\/wp-content\/uploads\/2015\/12\/ich4.png\" rel=\"attachment wp-att-452\"><img decoding=\"async\" loading=\"lazy\" class=\"size-full wp-image-452\" src=\"http:\/\/quellencheck.de\/wp-content\/uploads\/2015\/12\/ich4.png\" alt=\"Von acht Leuten h\u00f6re ich die von &quot;A&quot; ver\u00f6ffentlichte Nachricht\" width=\"837\" height=\"687\" srcset=\"https:\/\/quellencheck.de\/wp-content\/uploads\/2015\/12\/ich4.png 837w, https:\/\/quellencheck.de\/wp-content\/uploads\/2015\/12\/ich4-300x246.png 300w, https:\/\/quellencheck.de\/wp-content\/uploads\/2015\/12\/ich4-768x630.png 768w\" sizes=\"(max-width: 837px) 100vw, 837px\" \/><\/a><br><br><br>Am n\u00e4chsten Morgen wache ich auf und sehe in meiner Timeline, dass acht Freunde einen Text geliked und sogar geteilt haben.<\/p>\n\n\n\n<p>Erfahrungsgem\u00e4\u00df hat keiner meiner acht Freunde eine genaue Pr\u00fcfung (wie man es macht, zeigt mein <a href=\"http:\/\/quellencheck.de\/?page_id=15\">Pr\u00fcfpfad<\/a>) der Quellen des Textes und damit der Aussagen vorgenommen. Meistens wird geliked und geteilt, was einem pers\u00f6nlich gef\u00e4llt oder die eigene \u00dcberzeugung unterst\u00fctzt. Ich jedoch vertraue darauf, dass, wenn acht Leute dasselbe verbreiten, es stimmen muss.<\/p>\n\n\n\n<p>Und nun schalte ich den Fernseher an und nichts von dem, was ich bei meinen acht Freunden las, erscheint so in den Nachrichten. Auch die Bild und die Frankfurter Allgemeine Zeitung berichten nicht dar\u00fcber. L\u00fcgenpresse! Oder vielleicht doch nicht?<\/p>\n\n\n\n<h3 class=\"wp-block-heading\">Der Verbreitung einer Meldung in den herk\u00f6mmlichen Medien<\/h3>\n\n\n\n<p>Unter den \u00dcberbegriff &#8222;herk\u00f6mlichen Medien&#8220; z\u00e4hle ich all die Medien, die ausgebildete Journalisten einsetzen. Das sind meistens Zeitungen, Radiosender und Fernsehstationen, k\u00f6nne aber durchaus Internetportale, Facebook-Seiten und andere SocialMedia-Angebote sein. Nat\u00fcrlich gibt es auch Zeitungen, Zeitschriften, Radio- und Fernsehsender, die auf den Einsatz professioneller Journalisten verzichten.<\/p>\n\n\n\n<p>Herk\u00f6mmlichen Medien greifen auf mehrere Quellen zur\u00fcck. Dazu geh\u00f6ren Nachrichten-Agenturen, Korrespondenten, Reporter, Video- und Bild-Agenturen und andere Medien. Ausgebildete Journalisten bearbeiten den Nachrichtenstrom. Sie w\u00e4hlen aus der Flut der Meldungen gezielt aus und Ver\u00f6ffentlichen nur einen Bruchteil dessen, was passiert. Die Meldungen, die mich erreichen, sind also bereits gefiltert.<\/p>\n\n\n\n<figure class=\"wp-block-image\"><a href=\"http:\/\/quellencheck.de\/wp-content\/uploads\/2015\/12\/alte_medien.gif\" rel=\"attachment wp-att-470\"><img decoding=\"async\" loading=\"lazy\" width=\"2242\" height=\"681\" src=\"http:\/\/quellencheck.de\/wp-content\/uploads\/2015\/12\/alte_medien.gif\" alt=\"&quot;Alte Medien&quot; filtern Informationen und reichen sie dann weiter\" class=\"wp-image-470\"\/><\/a><\/figure>\n\n\n\n<p>\u00dcber die Ver\u00f6ffentlichung einer Meldung entscheiden zum Beispiel die Antworten auf folgende Fragen:<\/p>\n\n\n\n<ul><li>Werden alle Aussagen und Behauptungen belegt?<\/li><li>Sind Quellen vorhanden?<\/li><li>Gibt sich der Autor des Textes zu erkennen oder versteckt er sich?<\/li><li>Hat der Autor vielleicht gewisse Interessen, weil er in einer Partei ist?<\/li><li>Und kann sie deshalb nicht m\u00f6glichst neutral und objektiv sein?<\/li><li>Gibt es (bislang ungekl\u00e4rte) Abh\u00e4ngigkeitsverh\u00e4ltnisse?<\/li><\/ul>\n\n\n\n<p>Wie das genau funktioniert, zeigt der <a href=\"http:\/\/quellencheck.de\/?page_id=15\">Pr\u00fcfpfad<\/a> bei QuellenCheck. <a href=\"http:\/\/quellencheck.de\/?page_id=15\">Hier<\/a> kann jeder einmal ausprobieren, ob ein vorliegender Text den Kriterien f\u00fcr eine Weiterverbreitung entspricht.<\/p>\n\n\n\n<p>Doch es gibt noch weitere Kriterien:<\/p>\n\n\n\n<ul><li>Bedeutung des Ereignisses f\u00fcr den Leser, Zuschauer oder H\u00f6rer<\/li><li>Neuigkeit des Ereignisses (gab es das schon mal?)<\/li><li>Besonderheit des Ereignisses (regelm\u00e4\u00dfige Geschehnisses finden relativ selten Eingang in Nachrichten\u00fcbersicht)<\/li><li>Meldungslage an dem Tag (an nachrichtenarmen Tagen kommen schon mal Meldungen vor, die sonst nicht stattfinden w\u00fcrden)<\/li><\/ul>\n\n\n\n<p>Ganz wichtig ist, dass immer <strong>mehr als eine Quelle \u00fcber das jeweilige Geschehen<\/strong> berichtet. Nur, wenn die eigenen Reporter oder Korrespondenten etwas exklusiv haben, dann wird auf andere Quellen verzichtet.<\/p>\n\n\n\n<h3 class=\"wp-block-heading\">Warum fehlen Nachrichten, die beispielsweise bei Facebook erscheinen, in den herk\u00f6mmlichen Zeitungen, Radiosendern oder im Fernsehen?<\/h3>\n\n\n\n<p>Professionelle Journalisten sind Dienstleister, die dem H\u00f6rer, Leser oder Zuschauer vorgepr\u00fcfte und ausgew\u00e4hlte Meldungen aus aller Welt anbieten. Dabei werden Kriterien genutzt, die \u00fcber viele Generationen entwickelt wurden. Durch diese Auswahl passiert es allerdings oft, das Texte, die im SocialMedia-Bereich ver\u00f6ffentlicht wurden, den journalistischen Kriterien nicht standhalten.<\/p>\n\n\n\n<p>Jeder kann Meldungen, die in den herk\u00f6mmlichen Medien nicht auftauchen, selbst \u00fcberpr\u00fcfen. Daf\u00fcr gibt es in diesem Angebot den <a href=\"http:\/\/quellencheck.de\/?page_id=15\">Pr\u00fcfpfad<\/a>.<\/p>\n\n\n<div class=\"su-note\"  style=\"border-color:#e5e54c;border-radius:3px;-moz-border-radius:3px;-webkit-border-radius:3px;\"><div class=\"su-note-inner su-u-clearfix su-u-trim\" style=\"background-color:#FFFF66;border-color:#ffffff;color:#333333;border-radius:3px;-moz-border-radius:3px;-webkit-border-radius:3px;\">\n<h3>Warum denn der Begriff &#8222;L\u00fcgenpresse&#8220;?<\/h3>\n<p>Hierzu meine ganz <strong>pers\u00f6nliche Ansicht<\/strong>: Herk\u00f6mmliche Medien, die mit Journalisten arbeiten, die Quellen und angebliche Wahrheiten wirklich hinterfragen, st\u00f6ren politische Organisationen, die es damit nicht so genau nehmen. Deshalb wird den eigenen Anh\u00e4ngern eingetrichtert, dass genau diese Medien L\u00fcgen verbreiten. Sollten dann n\u00e4mlich kritische Berichte \u00fcber die eigene Organisation in diesen Medien auftauchen, dann sind es automatisch L\u00fcgen.<\/div><\/div>\n","protected":false},"excerpt":{"rendered":"<p>&#8222;L\u00fcgenpresse&#8220; ist ein Kampfbegriff, der pauschal gegen &#8222;die&#8220; Medien eingesetzt wird. Der Vorwurf: \u00dcber bestimmte Themen wird gar nicht oder falsch berichtet. In dem Zusammenhang wird oft auf Artikel im Internet hingewiesen, die Themen aufgreifen, die in der &#8222;L\u00fcgenpresse&#8220; aber nicht vorkommen. Wie es dazu kommt und was dahinter steckt, soll hier gekl\u00e4rt werden. Dabei [&hellip;]<\/p>\n","protected":false},"author":1,"featured_media":0,"parent":362,"menu_order":100,"comment_status":"closed","ping_status":"closed","template":"","meta":{"footnotes":""},"_links":{"self":[{"href":"https:\/\/quellencheck.de\/index.php?rest_route=\/wp\/v2\/pages\/442"}],"collection":[{"href":"https:\/\/quellencheck.de\/index.php?rest_route=\/wp\/v2\/pages"}],"about":[{"href":"https:\/\/quellencheck.de\/index.php?rest_route=\/wp\/v2\/types\/page"}],"author":[{"embeddable":true,"href":"https:\/\/quellencheck.de\/index.php?rest_route=\/wp\/v2\/users\/1"}],"replies":[{"embeddable":true,"href":"https:\/\/quellencheck.de\/index.php?rest_route=%2Fwp%2Fv2%2Fcomments&post=442"}],"version-history":[{"count":44,"href":"https:\/\/quellencheck.de\/index.php?rest_route=\/wp\/v2\/pages\/442\/revisions"}],"predecessor-version":[{"id":908,"href":"https:\/\/quellencheck.de\/index.php?rest_route=\/wp\/v2\/pages\/442\/revisions\/908"}],"up":[{"embeddable":true,"href":"https:\/\/quellencheck.de\/index.php?rest_route=\/wp\/v2\/pages\/362"}],"wp:attachment":[{"href":"https:\/\/quellencheck.de\/index.php?rest_route=%2Fwp%2Fv2%2Fmedia&parent=442"}],"curies":[{"name":"wp","href":"https:\/\/api.w.org\/{rel}","templated":true}]}}