{"id":651,"date":"2017-01-24T18:42:03","date_gmt":"2017-01-24T17:42:03","guid":{"rendered":"http:\/\/quellencheck.de\/?page_id=651"},"modified":"2022-01-07T07:24:20","modified_gmt":"2022-01-07T06:24:20","slug":"wie-kann-man-fake-news-eigentlich-erstellen","status":"publish","type":"page","link":"https:\/\/quellencheck.de\/?page_id=651","title":{"rendered":"Wie schnell kann man Fake News erstellen?"},"content":{"rendered":"<div class=\"su-image-carousel  su-image-carousel-has-spacing su-image-carousel-crop su-image-carousel-crop-16-9 su-image-carousel-has-outline su-image-carousel-adaptive su-image-carousel-slides-style-default su-image-carousel-controls-style-dark su-image-carousel-align-none\" style=\"\" data-flickity-options='{\"groupCells\":true,\"cellSelector\":\".su-image-carousel-item\",\"adaptiveHeight\":false,\"cellAlign\":\"left\",\"prevNextButtons\":true,\"pageDots\":true,\"autoPlay\":5000,\"imagesLoaded\":true,\"contain\":true,\"selectedAttraction\":0.025,\"friction\":0.28}' id=\"su_image_carousel_69eb90f82df9c\"><div class=\"su-image-carousel-item\"><div class=\"su-image-carousel-item-content\"><img width=\"800\" height=\"450\" src=\"https:\/\/quellencheck.de\/wp-content\/uploads\/2017\/01\/4_clonezone_gef\u00e4lschte_Nachrichten-e1485267612800-1024x576.jpg\" class=\"\" alt=\"CloneZone: Gef\u00e4lschte Nachrichten\" decoding=\"async\" loading=\"lazy\" srcset=\"https:\/\/quellencheck.de\/wp-content\/uploads\/2017\/01\/4_clonezone_gef\u00e4lschte_Nachrichten-e1485267612800-1024x576.jpg 1024w, https:\/\/quellencheck.de\/wp-content\/uploads\/2017\/01\/4_clonezone_gef\u00e4lschte_Nachrichten-e1485267612800-300x169.jpg 300w, https:\/\/quellencheck.de\/wp-content\/uploads\/2017\/01\/4_clonezone_gef\u00e4lschte_Nachrichten-e1485267612800-768x432.jpg 768w, https:\/\/quellencheck.de\/wp-content\/uploads\/2017\/01\/4_clonezone_gef\u00e4lschte_Nachrichten-e1485267612800.jpg 1200w\" sizes=\"(max-width: 800px) 100vw, 800px\" \/><\/div><\/div><div class=\"su-image-carousel-item\"><div class=\"su-image-carousel-item-content\"><img width=\"800\" height=\"450\" src=\"https:\/\/quellencheck.de\/wp-content\/uploads\/2017\/01\/3_clonezone_Bildauswahl-e1485267582271-1024x576.jpg\" class=\"\" alt=\"CloneZone: Kopie der zu f\u00e4lschenden Seite\" decoding=\"async\" loading=\"lazy\" srcset=\"https:\/\/quellencheck.de\/wp-content\/uploads\/2017\/01\/3_clonezone_Bildauswahl-e1485267582271-1024x576.jpg 1024w, https:\/\/quellencheck.de\/wp-content\/uploads\/2017\/01\/3_clonezone_Bildauswahl-e1485267582271-300x169.jpg 300w, https:\/\/quellencheck.de\/wp-content\/uploads\/2017\/01\/3_clonezone_Bildauswahl-e1485267582271-768x432.jpg 768w, https:\/\/quellencheck.de\/wp-content\/uploads\/2017\/01\/3_clonezone_Bildauswahl-e1485267582271.jpg 1200w\" sizes=\"(max-width: 800px) 100vw, 800px\" \/><\/div><\/div><div class=\"su-image-carousel-item\"><div class=\"su-image-carousel-item-content\"><img width=\"800\" height=\"450\" src=\"https:\/\/quellencheck.de\/wp-content\/uploads\/2017\/01\/2_clonezone_auswahl-e1485267528187-1024x576.jpg\" class=\"\" alt=\"CloneZone: Abfrage der Domain, die gef\u00e4lscht werden soll\" decoding=\"async\" loading=\"lazy\" srcset=\"https:\/\/quellencheck.de\/wp-content\/uploads\/2017\/01\/2_clonezone_auswahl-e1485267528187-1024x576.jpg 1024w, https:\/\/quellencheck.de\/wp-content\/uploads\/2017\/01\/2_clonezone_auswahl-e1485267528187-300x169.jpg 300w, https:\/\/quellencheck.de\/wp-content\/uploads\/2017\/01\/2_clonezone_auswahl-e1485267528187-768x432.jpg 768w, https:\/\/quellencheck.de\/wp-content\/uploads\/2017\/01\/2_clonezone_auswahl-e1485267528187.jpg 1200w\" sizes=\"(max-width: 800px) 100vw, 800px\" \/><\/div><\/div><div class=\"su-image-carousel-item\"><div class=\"su-image-carousel-item-content\"><img width=\"800\" height=\"450\" src=\"https:\/\/quellencheck.de\/wp-content\/uploads\/2017\/01\/1_clonezone_startseite-e1485267394304-1024x576.jpg\" class=\"\" alt=\"CloneZone: Startseite\" decoding=\"async\" loading=\"lazy\" srcset=\"https:\/\/quellencheck.de\/wp-content\/uploads\/2017\/01\/1_clonezone_startseite-e1485267394304-1024x576.jpg 1024w, https:\/\/quellencheck.de\/wp-content\/uploads\/2017\/01\/1_clonezone_startseite-e1485267394304-300x169.jpg 300w, https:\/\/quellencheck.de\/wp-content\/uploads\/2017\/01\/1_clonezone_startseite-e1485267394304-768x432.jpg 768w, https:\/\/quellencheck.de\/wp-content\/uploads\/2017\/01\/1_clonezone_startseite-e1485267394304.jpg 1200w\" sizes=\"(max-width: 800px) 100vw, 800px\" \/><\/div><\/div><div class=\"su-image-carousel-item\"><div class=\"su-image-carousel-item-content\"><img width=\"800\" height=\"450\" src=\"https:\/\/quellencheck.de\/wp-content\/uploads\/2017\/01\/7_clonezone_ver\u00f6ffentlichung-e1485267710407-1024x576.jpg\" class=\"\" alt=\"CloneZone: Fake ver\u00f6ffentlichen\" decoding=\"async\" loading=\"lazy\" srcset=\"https:\/\/quellencheck.de\/wp-content\/uploads\/2017\/01\/7_clonezone_ver\u00f6ffentlichung-e1485267710407-1024x576.jpg 1024w, https:\/\/quellencheck.de\/wp-content\/uploads\/2017\/01\/7_clonezone_ver\u00f6ffentlichung-e1485267710407-300x169.jpg 300w, https:\/\/quellencheck.de\/wp-content\/uploads\/2017\/01\/7_clonezone_ver\u00f6ffentlichung-e1485267710407-768x432.jpg 768w, https:\/\/quellencheck.de\/wp-content\/uploads\/2017\/01\/7_clonezone_ver\u00f6ffentlichung-e1485267710407.jpg 1200w\" sizes=\"(max-width: 800px) 100vw, 800px\" \/><\/div><\/div><div class=\"su-image-carousel-item\"><div class=\"su-image-carousel-item-content\"><img width=\"800\" height=\"450\" src=\"https:\/\/quellencheck.de\/wp-content\/uploads\/2017\/01\/6_clonezone_beschreibung-ver\u00e4ndern-e1485267674619-1024x576.jpg\" class=\"\" alt=\"CloneZone: Titel und Beschreibungen ver\u00e4ndern\" decoding=\"async\" loading=\"lazy\" srcset=\"https:\/\/quellencheck.de\/wp-content\/uploads\/2017\/01\/6_clonezone_beschreibung-ver\u00e4ndern-e1485267674619-1024x576.jpg 1024w, https:\/\/quellencheck.de\/wp-content\/uploads\/2017\/01\/6_clonezone_beschreibung-ver\u00e4ndern-e1485267674619-300x169.jpg 300w, https:\/\/quellencheck.de\/wp-content\/uploads\/2017\/01\/6_clonezone_beschreibung-ver\u00e4ndern-e1485267674619-768x432.jpg 768w, https:\/\/quellencheck.de\/wp-content\/uploads\/2017\/01\/6_clonezone_beschreibung-ver\u00e4ndern-e1485267674619.jpg 1200w\" sizes=\"(max-width: 800px) 100vw, 800px\" \/><\/div><\/div><div class=\"su-image-carousel-item\"><div class=\"su-image-carousel-item-content\"><img width=\"800\" height=\"450\" src=\"https:\/\/quellencheck.de\/wp-content\/uploads\/2017\/01\/5_clonezone_domain_bestellen-e1485267642818-1024x576.jpg\" class=\"\" alt=\"CloneZone: Domain-Namen eingeben\" decoding=\"async\" loading=\"lazy\" srcset=\"https:\/\/quellencheck.de\/wp-content\/uploads\/2017\/01\/5_clonezone_domain_bestellen-e1485267642818-1024x576.jpg 1024w, https:\/\/quellencheck.de\/wp-content\/uploads\/2017\/01\/5_clonezone_domain_bestellen-e1485267642818-300x169.jpg 300w, https:\/\/quellencheck.de\/wp-content\/uploads\/2017\/01\/5_clonezone_domain_bestellen-e1485267642818-768x432.jpg 768w, https:\/\/quellencheck.de\/wp-content\/uploads\/2017\/01\/5_clonezone_domain_bestellen-e1485267642818.jpg 1200w\" sizes=\"(max-width: 800px) 100vw, 800px\" \/><\/div><\/div><\/div><script id=\"su_image_carousel_69eb90f82df9c_script\">if(window.SUImageCarousel){setTimeout(function() {window.SUImageCarousel.initGallery(document.getElementById(\"su_image_carousel_69eb90f82df9c\"))}, 0);}var su_image_carousel_69eb90f82df9c_script=document.getElementById(\"su_image_carousel_69eb90f82df9c_script\");if(su_image_carousel_69eb90f82df9c_script){su_image_carousel_69eb90f82df9c_script.parentNode.removeChild(su_image_carousel_69eb90f82df9c_script);}<\/script>\n\n\n\n<figure class=\"wp-block-audio\"><audio controls src=\"http:\/\/quellencheck.de\/wp-content\/uploads\/2017\/01\/20170124_CloneZone.mp3\"><\/audio><figcaption>MDR Aktuell, 23.01.17<\/figcaption><\/figure>\n\n\n\n<p><br>Fake News leicht gemacht \u2013 so k\u00f6nnte man den Service eines Internetangebotes beschreiben. Innerhalb von wenigen Minuten kann damit jeder ohne Vorkenntnisse eine bestehende Internetseite kopieren, die Inhalte f\u00e4lschen, umschreiben und dann unter sehr \u00e4hnlichem Namen im Internet abspeichern. F\u00fcr MDR Aktuell, meinem Arbeitgeber, habe ich am 23.01.17 ausprobiert, wie es funktioniert. Und ich zeige auch, woran man diese falschen Seiten erkennen kann.<\/p>\n\n\n\n<p>Fake News \u2013 gef\u00e4lschte Nachrichten \u2013 sind derzeit in. Kein Wunder, dass es jetzt auch ein kleines, aber wirkungsvolles Programm gibt, um ganz schnell die eigene Fake News zu produzieren und \u00fcbers Netz zu verbreiten. Man braucht nicht einmal etwas herunterzuladen. <a href=\"http:\/\/clonezone.link\" target=\"_blank\" rel=\"noopener\">Clone Zone.link<\/a> ist unter genau diesem Namen \u00f6ffentlich im Internet zu finden. Jeder kann es kostenfrei von jedem internetf\u00e4higen Ger\u00e4t aus nutzen.<\/p>\n\n\n\n<p>Clone Zone fragt zun\u00e4chst nach der Seite, die man f\u00e4lschen m\u00f6chte. In unserem Fall \u201e<a href=\"http:\/\/www.MDRaktuell.de\" target=\"_blank\" rel=\"noopener\">www.MDRaktuell.de<\/a>\u201c. Der Name wird eingetragen. Ein Klick auf den Knopf \u201eClone\u201c und schon erscheint unsere Seite als Kopie auf dem Bildschirm. Jeder Bereich ist jetzt anklickbar. \u00dcberschriften und Texte k\u00f6nnen dann beliebig umgeschrieben werden. Bilder k\u00f6nnen durch eigene Aufnahmen ausgetauscht werden. Zus\u00e4tzlich ist in das Programm sogar die Bildsuche von Google integriert, mit der man dann auch beliebige Bilder aus dem Internet \u00fcbernehmen kann \u2013 nat\u00fcrlich illegal, denn die Recht daf\u00fcr erwirbt man nicht automatisch. Alle Ver\u00e4nderungen werden sofort auf dem Bildschirm angezeigt und brauchen keinerlei technischen Sachverstand.<\/p>\n\n\n\n<p>Im n\u00e4chsten Schritt lassen sich die Titelzeile und die allgemeinen Informationen ver\u00e4ndern. Wer gef\u00e4lschte Nachrichten erstellen will, \u00e4ndert diese Texte nicht, um m\u00f6glichst nah am Original zu bleiben. Bei allen Ver\u00e4nderungen bleiben Aufbau, Farben und Logos der Seite unver\u00e4ndert.<\/p>\n\n\n\n<p>Dann kann man die Adresse der Seite eingeben. In unserem Fall \u201e<a href=\"http:\/\/www.MDRaktuell.de\" target=\"_blank\" rel=\"noopener\">www.MDRaktuell.de<\/a>\u201c. Wer jetzt \u201eUpload\u201c anklickt, l\u00e4dt die Seite in das Internet. In wenigen Minuten ist so eine korrekt aussehende Nachrichtenseite mit falschen Inhalten in das Internet gesetzt worden.<\/p>\n\n\n\n<p>Das Ergebnis sieht verbl\u00fcffend echt aus. Selbst die Adresse der Seite \u2013 \u201e<a href=\"http:\/\/www.MDRaktuell.de\" target=\"_blank\" rel=\"noopener\">www.MDRaktuell.de<\/a>\u201c steht oben im Internetbrowser. Allerdings ist hinter der L\u00e4nderkennung \u2013 in diesem Fall \u201ede\u201c f\u00fcr Deutschland \u2013 kein Schr\u00e4gstrich wie bei authentischen Seiten zu lesen, sondern ein Punkt und danach \u201e<a href=\"http:\/\/clonezone.link\" target=\"_blank\" rel=\"noopener\">clonezone.link<\/a>\u201c. Das ist der einzige wirklich erkennbare Hinweis auf ein F\u00e4lschung. Man braucht sich nur eines zu merken: Der Name einer Internetseite \u2013 die Domain &#8211; endet niemals mit einem Punkt. Alles nach dem Punkt geh\u00f6rt noch zum Namen. Erst ein Leerzeichen oder ein Schr\u00e4gstrich beendet den Namen.<\/p>\n\n\n\n<p>Bei unserem Selbstversuch haben wir nat\u00fcrlich darauf verzichtet, die Seite zu ver\u00f6ffentlichen, um keine Falschmeldungen zu verbreiten.<\/p>\n\n\n\n<p>Hinter dem Angebot Clone Zone steht \u00fcbrigens eine New Yorker Firma mit dem Namen \u201e4real\u201c, die normalerweise Internetseite gestaltet.<\/p>\n","protected":false},"excerpt":{"rendered":"<p>Fake News leicht gemacht \u2013 so k\u00f6nnte man den Service eines Internetangebotes beschreiben. Innerhalb von wenigen Minuten kann damit jeder ohne Vorkenntnisse eine bestehende Internetseite kopieren, die Inhalte f\u00e4lschen, umschreiben und dann unter sehr \u00e4hnlichem Namen im Internet abspeichern. F\u00fcr MDR Aktuell, meinem Arbeitgeber, habe ich am 23.01.17 ausprobiert, wie es funktioniert. Und ich zeige [&hellip;]<\/p>\n","protected":false},"author":1,"featured_media":0,"parent":362,"menu_order":150,"comment_status":"closed","ping_status":"closed","template":"","meta":{"footnotes":""},"_links":{"self":[{"href":"https:\/\/quellencheck.de\/index.php?rest_route=\/wp\/v2\/pages\/651"}],"collection":[{"href":"https:\/\/quellencheck.de\/index.php?rest_route=\/wp\/v2\/pages"}],"about":[{"href":"https:\/\/quellencheck.de\/index.php?rest_route=\/wp\/v2\/types\/page"}],"author":[{"embeddable":true,"href":"https:\/\/quellencheck.de\/index.php?rest_route=\/wp\/v2\/users\/1"}],"replies":[{"embeddable":true,"href":"https:\/\/quellencheck.de\/index.php?rest_route=%2Fwp%2Fv2%2Fcomments&post=651"}],"version-history":[{"count":8,"href":"https:\/\/quellencheck.de\/index.php?rest_route=\/wp\/v2\/pages\/651\/revisions"}],"predecessor-version":[{"id":913,"href":"https:\/\/quellencheck.de\/index.php?rest_route=\/wp\/v2\/pages\/651\/revisions\/913"}],"up":[{"embeddable":true,"href":"https:\/\/quellencheck.de\/index.php?rest_route=\/wp\/v2\/pages\/362"}],"wp:attachment":[{"href":"https:\/\/quellencheck.de\/index.php?rest_route=%2Fwp%2Fv2%2Fmedia&parent=651"}],"curies":[{"name":"wp","href":"https:\/\/api.w.org\/{rel}","templated":true}]}}